mon factor of 174 and 33582.
174
Calculate the greatest common factor of 1168292 and 730.
146
Calculate the greatest common divisor of 27 and 176481.
9
What is the greatest common divisor of 1030 and 611305?
515
Calculate the greatest common factor of 885 and 474891.
177
Calculate the highest common factor of 16 and 484688.
16
Calculate the greatest common factor of 1235408 and 16.
16
What is the highest common factor of 7277 and 19?
19
What is the greatest common divisor of 6041 and 308?
7
What is the highest common divisor of 927 and 6901?
103
Calculate the highest common divisor of 6316 and 296.
4
What is the greatest common divisor of 60 and 461616?
12
What is the highest common divisor of 61335 and 135?
45
Calculate the highest common divisor of 56502 and 258.
258
What is the greatest common factor of 2775 and 1925?
25
What is the greatest common factor of 306 and 68697?
153
What is the greatest common factor of 1885 and 8555?
145
What is the greatest common divisor of 5907 and 33?
33
Calculate the greatest common factor of 311 and 60.
1
What is the greatest common divisor of 351 and 105066?
117
What is the highest common factor of 23440 and 24?
8
What is the greatest common divisor of 973 and 4191406?
139
What is the highest common divisor of 7556 and 36?
4
What is the greatest common factor of 79541 and 21?
7
Calculate the highest common factor of 486004 and 4.
4
What is the greatest common factor of 12445 and 190?
95
What is the greatest common divisor of 120 and 922980?
60
What is the greatest common divisor of 224937 and 81?
81
Calculate the highest common divisor of 72 and 4302.
18
What is the greatest common divisor of 16 and 516752?
16
Calculate the highest common factor of 180 and 6990.
30
Calculate the greatest common divisor of 240221 and 1832.
229
What is the greatest common factor of 9773 and 4176?
29
What is the greatest common factor of 5456750 and 299?
299
What is the greatest common factor of 55174 and 113726?
1126
What is the greatest common factor of 4069 and 30674?
313
What is the greatest common divisor of 59565 and 660?
165
Calculate the greatest common divisor of 120 and 24640.
40
What is the highest common divisor of 25415 and 10?
5
Calculate the greatest common factor of 5931 and 236581.
659
What is the greatest common factor of 51 and 128537?
17
Calculate the greatest common factor of 5819 and 11341.
11
What is the highest common factor of 28 and 3119256?
28
What is the highest common divisor of 1071 and 306?
153
What is the greatest common divisor of 486260 and 18860?
820
Calculate the highest common divisor of 2180538 and 5496.
1374
What is the highest common divisor of 217 and 793786?
217
What is the highest common factor of 163426 and 82?
82
What is the highest common factor of 1050 and 1480675?
175
Calculate the greatest common factor of 2751 and 422868.
393
Calculate the highest common factor of 48 and 319776.
48
Calculate the greatest common factor of 328 and 20090.
82
Calculate the highest common divisor of 55308 and 3102.
66
Calculate the greatest common factor of 959 and 651.
7
Calculate the greatest common factor of 558285 and 21.
21
Calculate the greatest common factor of 160432 and 592.
592
What is the greatest common divisor of 14066 and 26?
26
What is the greatest common divisor of 24508 and 12?
4
What is the greatest common divisor of 1428 and 961401?
357
What is the highest common factor of 96 and 27828?
12
What is the greatest common factor of 37 and 961297?
37
Calculate the highest common divisor of 2576 and 1315048.
1288
What is the highest common divisor of 356 and 2255438?
178
Calculate the highest common divisor of 384 and 2784.
96
What is the greatest common divisor of 329173 and 91?
13
Calculate the highest common factor of 2196 and 1428.
12
Calculate the greatest common factor of 12099 and 111.
111
Calculate the highest common divisor of 24 and 2298.
6
What is the greatest common divisor of 44 and 4257?
11
What is the highest common divisor of 1 and 570?
1
Calculate the highest common divisor of 198 and 106986.
66
Calculate the highest common divisor of 300 and 115300.
100
Calculate the highest common divisor of 21 and 2681392.
7
What is the greatest common factor of 43 and 45193?
43
Calculate the highest common factor of 84 and 2415756.
84
What is the highest common factor of 41245 and 511?
73
What is the greatest common divisor of 231 and 1996071?
231
Calculate the highest common divisor of 65424 and 2820.
564
Calculate the greatest common divisor of 769058 and 563.
563
Calculate the highest common divisor of 3465 and 28017.
99
What is the highest common factor of 54479 and 2776?
347
What is the highest common factor of 306 and 11764?
34
Calculate the greatest common divisor of 4131 and 61479.
243
What is the greatest common divisor of 500 and 162700?
100
Calculate the highest common factor of 415008 and 198.
198
Calculate the highest common factor of 678 and 54466.
226
Calculate the greatest common divisor of 388003 and 308.
77
What is the highest common divisor of 207898 and 76?
38
What is the greatest common divisor of 38003 and 11214?
623
What is the greatest common factor of 1564 and 12052?
92
What is the greatest common factor of 265230 and 5473?
421
What is the highest common divisor of 462 and 16962?
66
Calculate the greatest common divisor of 120456 and 49.
7
Calculate the greatest common factor of 260 and 2936336.
52
Calculate the greatest common divisor of 2330 and 890.
10
What is the highest common factor of 696128 and 16?
16
What is the highest common factor of 12464 and 684?
76
What is the highest common factor of 902262 and 6?
6
Calculate the greatest common divisor of 7640438 and 26.
26
Calculate the greatest common factor of 1570100 and 100.
100
Calculate the greatest common divisor of 66 and 1012594.
22
What is the greatest common divisor of 5319 and 151296?
591
What is the highest common factor of 212 and 126988?
212
What is the greatest common divisor of 3011658 and 78?
78
Calculate the greatest common divisor of 84665 and 1652.
413
Calculate the highest common divisor of 3058 and 55726.
22
What is the highest common factor of 17514 and 966?
42
What is the highest common factor of 16760 and 86?
2
What is the highest common divisor of 119473 and 148?
37
Calculate the highest common factor of 78 and 535106.
26
What is the highest common divisor of 6213 and 19380?
57
What is the greatest common factor of 1127 and 1198001?
1127
What is the greatest common divisor of 16 and 3022?
2
Calculate the greatest common factor of 1026 and 3213.
27
Calculate the greatest common divisor of 99 and 43461.
99
What is the greatest common divisor of 104 and 21720?
8
Calculate the highest common divisor of 1200 and 11950.
50
Calculate the highest common divisor of 247 and 9659.
13
Calculate the highest common divisor of 462 and 20251.
77
What is the greatest common factor of 29 and 12163644?
29
What is the highest common divisor of 2233 and 84777?
77
What is the greatest common divisor of 77856 and 9312?
96
Calculate the greatest common factor of 804 and 347596.
268
Calculate the highest common factor of 27 and 64431.
9
Calculate the highest common factor of 755 and 766778.
151
Calculate the greatest common divisor of 300 and 1074900.
300
What is the highest common factor of 75180 and 735?
105
Calculate the greatest common divisor of 374 and 9174.
22
What is the highest common factor of 765 and 801?
9
What is the highest common divisor of 309132 and 35456?
1108
Calculate the highest common divisor of 71 and 10857604.
71
What is the highest common factor of 370 and 11285?
185
What is the greatest common divisor of 1003646 and 238?
238
What is the greatest common divisor of 14690 and 5?
5
What is the greatest common factor of 10464 and 2832?
48
What is the greatest common divisor of 65898 and 182?
14
What is the highest common divisor of 9 and 59571?
9
Calculate the greatest common factor of 5851428 and 2134.
2134
Calculate the highest common factor of 2852 and 10137.
31
Calculate the greatest common factor of 166682 and 8.
2
What is the highest common factor of 60702 and 14070?
402
Calculate the highest common divisor of 3144 and 26069.
131
Calculate the greatest common divisor of 3 